 38. Suppose -125 = -5*s - 6*m + m, -4*s + 100 = -5*m. Suppose s = f - c. Is f a composite number?
False
Let m = 226 + -354. Let g = -61 - m. Is g a prime number?
True
Let g(w) = -677*w + 22. Is g(-5) a composite number?
False
Let f be 2 - (-4 + 0 - -6). Suppose f = 4*x - 175 - 37. Is x prime?
True
Suppose -30*p + 1477 = -23*p. Is p a composite number?
False
Let a(o) = o**3 + o**2 + o - 8. Let l be a(0). Is (1055/20)/((-2)/l) prime?
True
Suppose 6*r + 230 = 764. Is r composite?
False
Suppose 6*d = 2738 - 206. Is (d/(-4))/(4/(-8)) prime?
True
Let a be 14/4*96/56. Suppose 0 = 2*i - 2, 3*i = c - a*c + 298. Is c composite?
False
Let n(m) = 2 - 1 - 17*m + 0*m. Suppose 5*l = -4*b - 26, -l - 5*b = -2*l + 18. Is n(l) prime?
False
Suppose 7*l + 541 = 8*l. Is l a prime number?
True
Let y(p) = 21*p**3 - 2*p**2 + 1. Let h be 4/(-1*2) + 1. Let v be y(h). Let r = 55 + v. Is r a prime number?
False
Is (-8)/48 + (-2138)/(-12) a composite number?
True
Let w = -129 - -40. Let h = w + 134. Suppose -o - 2*o = -h. Is o composite?
True
Let y = -185 + 108. Let i = y - -128. Suppose -t + 4 = -i. Is t a composite number?
True
Let w(m) = m + 12. Let p be w(-9). Suppose -y = z + 25, 15 = 8*z - p*z. Let u = 21 - y. Is u composite?
True
Suppose -3*j - 2*s + 7731 = 0, -s = j + 1336 - 3912. Is j a composite number?
False
Is (4515/(-10) + -2)*-2 composite?
False
Let i(g) = 32*g - 17. Let s be i(7). Let h = s + -128. Is h a composite number?
False
Suppose -3*x + 5*x - 722 = 0. Let q = x + -152. Is q prime?
False
Let o(v) = -v - 6. Let l be o(-7). Let t(d) = d**2 + d - 1. Let k(y) = -42*y**2 - 6*y + 5. Let i(n) = -k(n) - 6*t(n). Is i(l) composite?
False
Let s be 2/4*-79*-2. Let z = 164 - s. Is z a prime number?
False
Let d(p) = 59*p - 2. Let f(k) = -60*k + 3. Let h(t) = -4*d(t) - 3*f(t). Is h(-1) composite?
True
Let p = -579 + 135. Is ((-1)/3)/(4/p) composite?
False
Suppose 20 = -2*h - 2*v + 8, 3*h + 10 = -5*v. Let i be 1/(-2)*h + 0. Suppose -2*r + 113 = 3*p, 2*r - p - 118 = -i*p. Is r a composite number?
True
Suppose 4*j - 9 = 7. Suppose 0 = -j*y - 2 + 58. Is y composite?
True
Suppose -3*l + 30 = 5*f, -1 = -5*f - l + 19. Suppose 0 = 2*d - d + 5*j - 256, -5*d = -f*j - 1252. Is d a composite number?
False
Let k(s) = -s - 5. Let c be k(-4). Let f be 2 + (1 - c - -528). Suppose 5*a - f = a. Is a prime?
False
Suppose 0 = -k + 3 + 2. Suppose 0 = k*o - 142 - 88. Is o prime?
False
Let h be (-24)/15*(-27 - 3). Suppose -h = -2*i + 2*n, 0*n = -4*i + 5*n + 99. Is i prime?
False
Let k(g) = 21*g**3 + 13*g**2 - 2*g - 11. Let b(c) = -11*c**3 - 6*c**2 + c + 5. Let j(t) = 13*b(t) + 6*k(t). Is j(-2) prime?
False
Let o = -357 - -1994. Is o prime?
True
Let b(v) = 2*v**2 - 6*v. Let o be b(4). Let l = -4 + o. Suppose c - 4*a + 3 = -4, 6 = 2*c - l*a. Is c prime?
True
Suppose 23 + 73 = -4*u. Suppose 15 = 3*s, 2*h + 3 = 5*s - 8. Let q = h - u. Is q a composite number?
False
Suppose 4*n + 24 - 336 = 0. Let w = 0 - -1. Suppose j - n = -w. Is j prime?
False
Let a(z) = -z**3 + 7*z**2 - z. Let g be a(7). Let k = g + 34. Suppose 0 = -u - 4*v + k, -2*v = -4*u + u + 151. Is u composite?
False
Let u(f) = f**3 + f**2 - 1. Let k be u(-1). Let d = 104 - 47. Let t = d - k. Is t a composite number?
True
Let d = 104 + -51. Is d composite?
False
Let w(h) = 3*h**2 - 8*h - 1. Is w(8) prime?
True
Is 655/40*34 - (-2)/8 a composite number?
False
Let m(n) = 9*n**2 + 6*n + 12. Is m(-9) prime?
False
Suppose 3*h - 2*p - 71 = 0, -5*h + 3*p = -2*h - 72. Is h prime?
True
Suppose 0 = -2*f + 151 + 3. Is f a composite number?
True
Suppose -4*x - 6520 = -1188. Let l = -720 - x. Suppose 3*i - 83 = 4*v - l, 5*v - 2*i - 659 = 0. Is v prime?
True
Let c(g) = 11*g**3 + g - 1. Suppose 9*q - 5*q = 8. Is c(q) a prime number?
True
Let p = -3 + -9. Is 2/p + (-7473)/(-18) composite?
True
Suppose -8*c - 2 = -9*c, c - 2879 = -3*a. Is a a prime number?
False
Let v = 1643 + -1050. Is v a prime number?
True
Suppose -30*v = -28*v - 298. Is v prime?
True
Let p(s) = -s**3 - 9*s**2 + 10*s + 10. Let v(c) = 5*c + 10. Let l be v(-4). Is p(l) composite?
True
Let g = -78 + -20. Let b = -59 - g. Is b composite?
True
Let h be (5/2 + -2)*-2. Is h/(-2)*(381 + 1) prime?
True
Let v(n) = n**2 - 2*n + 526. Is v(0) a prime number?
False
Suppose 3*c - c = 10. Suppose -4*m = -y + 23, -c*y + m = -52 + 13. Is y prime?
True
Let h(i) = 3*i**3 - 6*i**2 - 11*i + 23. Is h(6) a prime number?
True
Let z(c) = -c + 3*c - 16*c - 13. Is z(-10) a prime number?
True
Let r(l) = -216*l**2 - 4*l. Let a(w) = 144*w**2 + 3*w. Let t(x) = -7*a(x) - 5*r(x). Let j be t(-1). Suppose j = 2*n + 2*d - 3*d, -n = 2*d - 29. Is n prime?
False
Let z = -11 - -7. Let t = 235 + z. Suppose 3*r + 7*y = 3*y + t, y - 385 = -5*r. Is r prime?
False
Let m(c) = 54*c**2 + c. Let z be m(-1). Let t = 32 + z. Is t a prime number?
False
Suppose 0 = -4*m - 182 + 2. Let k = m - -244. Is k a prime number?
True
Let t be 4 - (-2 + 4 + -1). Let k = -2 + 6. Suppose -2*y + 0*c + 250 = k*c, 393 = t*y - 3*c. Is y a composite number?
True
Let y(j) = -j**3 + 5*j**2 - 3*j - 4. Let l be y(3). Suppose -3*w + 5*w + i - 173 = 0, -5*i = l. Is w composite?
True
Let k = -28 + 59. Suppose -7*l + 2 = -26. Suppose 0 = -l*t + k + 117. Is t a prime number?
True
Suppose -4*l = 5*y - 18 - 7, -4*l = 2*y - 22. Let u(o) = 4*o**2 + 3*o + 4. Is u(l) prime?
False
Suppose -2*q + 11 = -5. Suppose -m = -b + 5*b - 18, 4*b - q = 4*m. Let w(t) = 2*t**3 - 3*t**2 + 2*t + 1. Is w(m) a prime number?
False
Let c = -9 - -13. Is (-20)/c*(-4)/2 prime?
False
Let m(i) = -89*i - 16. Is m(-3) prime?
True
Let g = 67 + -264. Let o = 6 - g. Is o a composite number?
True
Let x(i) = -i + 8. Let b be x(4). Let j(n) = -n**3 + 13*n**2 + 15*n - 9. Let s be j(14). Suppose 2*z - 5*m - 17 = z, -b*m = -s*z + 106. Is z prime?
False
Let i = 6 - -4. Is 4/i - 186/(-10) a composite number?
False
Let n = -23 + 28. Suppose -n*x + 51 = -4*x. Is x composite?
True
Let m(t) = t**2 - 6*t - 4. Let l be m(7). Suppose -68 = -2*r - c, -l*r - 3*c = -4*c - 107. Is r prime?
False
Suppose -1 - 5 = 3*m. Let j be m*-1*(-3)/6. Is 88 - j*(3 + -2) a composite number?
False
Let p = -18 + 25. Let b(u) = u**3 - 6*u**2 - 7*u - 5. Let y be b(p). Let h(w) = -6*w + 7. Is h(y) composite?
False
Suppose -2*u + 3*p - 3 = 2, u = -2*p + 15. Suppose 16 = u*s + 1, 4*z = 3*s + 43. Is z composite?
False
Let h = 121 - 86. Let f = 20 - 4. Let i = h - f. Is i prime?
True
Let b(w) be the second derivative of -w**5/20 + w**4/4 + 2*w**3/3 + 3*w**2/2 - w. Let t be b(4). Let a = 10 + t. Is a prime?
True
Suppose -2*v = v. Let p = 108 + v. Suppose -5*n = 15, 4*n - p = -5*s + 5*n. Is s a composite number?
True
Suppose -2*k = -4*k + 4. Suppose k*a = 21 + 55. Is a prime?
False
Suppose 4629 = 4*o - o. Is o prime?
True
Suppose -i + 2*v = -27, -5*v + 6*v - 74 = -2*i. Is i prime?
False
Suppose -5*p + 815 = -4*g, 5*p - 461 = -2*g + 324. Is p a prime number?
False
Is (-2 + -1)*1/(18/(-6054)) prime?
True
Let h(d) = 12*d + 3. Let f(g) = -g. Let o(c) = 2*f(c) + h(c). Is o(3) prime?
False
Suppose 9*w - 7*w = 0. Suppose w = -0*r + r - 133. Is r a prime number?
False
Suppose 2*x - 392 = -2*x. Suppose 2*b + 5*n = 23 + 43, 0 = 2*b - 3*n - x. Is b composite?
False
Suppose 6*x - 5657 = 145. Is x a composite number?
False
Let x = -1 - -5. Suppose -2*c + 4*a + 607 = 3*c, x = 2*a. Is c a composite number?
True
Suppose 4 = 4*g, 6467 = 3*b - 0*g + 2*g. Is b composite?
True
Suppose -2*g - 212 = -3*g + h, 3*g - 634 = h. Is g composite?
False
Is (-2661)/12*-2 - 2/4 a composite number?
False
Suppose f + 21 = y, 58 = 5*f - 4*y + 160. Let q be (-1429)/(-9) - f/81. Suppose 426 - q = 3*r. Is r prime?
True
Suppose -5*x + 4*c = -33, -3*x + 14 + 7 = -3*c. Is (-5)/(x/31)*-1 composite?
False
Is 0 + (33 - 8/(-4)) prime?
False
Let r(o) = -8*o**3 - o**2 + o. Let k be r(-2). Let d = 133 + k. Is d a prime number?
True
Let n = -6 + 9. Suppose n*a + 382 = 5*a. Is a composite?
False
Let g be (-140)/(-18) - (-10)/45. Suppose -g = -3*w + 10. Is (178/w)/((-5)/(-15)) a composite number?
False
Let z = -4 + 11. Suppose -3*n = -z*n + 1324. Is n a prime number?
True
Suppose 2*g = 6*g + 16. Let l(p) = 15*p**2 - 3*p + 2. Let h be l(g). Suppose 2*u = -0*u + h. Is u composite?
False
Let i(d) = d**2 - 4*d + 1. Is i(7) prime?
False
Let c(i) be the first derivative of i**4/4 - i**3 - i